 - 51 = -q + 4*z, 0 = 5*q + z - 239. Suppose q = 3*j - 78. Suppose 4*n - y = 34, -4*n + 0*y + j = -5*y. List the prime factors of n.
2
Let l be (-4)/12 + (-277)/(-3). Suppose v + 3*v - l = 0. Suppose 3*o - 10 - v = 0. What are the prime factors of o?
11
Let a be ((-14)/(-4))/((-2)/(-8)). Suppose 0*b + a = b. What are the prime factors of (-3)/21*-6*b?
2, 3
Let n = -127 - -182. Suppose -5*y = -0*y - n. Let b = y + -3. What are the prime factors of b?
2
Let s be (-2 + -16)*2/3. List the prime factors of 8/s + (-51)/(-9).
5
Let p = 10 + 11. Let t = 47 - p. List the prime factors of t.
2, 13
Let z be 2 + -2 + 2/1. Suppose 2*g = 2*o - 22, -5*o - z*g + 28 - 8 = 0. What are the prime factors of 24*(o/(-4))/(-3)?
2, 3
What are the prime factors of 4*(15/2 - 2)?
2, 11
Let p(q) = q**3 - 6*q**2 + 2*q - 3. Let a be p(6). Suppose t = -0*t + a. List the prime factors of t.
3
Let r be 4*(16/4)/8. Suppose 4*g = g - r*b + 82, -5*b = 3*g - 79. List the prime factors of g.
2, 7
Let p be 18/4 + 3/(-6). Let f = -5 + p. What are the prime factors of f - -2 - (3 + -8)?
2, 3
Let o(a) = 40*a**3 + a**2. Suppose -y + r = 2, r = -4*y - 4*r + 19. What are the prime factors of o(y)?
41
Let u(c) = -c**2 - 5*c + 14. Let f(j) = j + 1. Let p(i) = -5*f(i) + u(i). Let g be p(-9). Suppose -2*a + 3*a - g = 0. What are the prime factors of a?
2, 3
Let l = -96 - -194. What are the prime factors of l?
2, 7
Let r(u) = -4*u - 1. Let k be (-2)/(-3) + 33/(-9). List the prime factors of r(k).
11
Let l = -102 + 146. Suppose l = 4*z + 2*k + 10, 3*k - 15 = -2*z. List the prime factors of z.
3
List the prime factors of 1144/6 + -4 - (-2)/(-3).
2, 3, 31
Let s(b) = 3*b + 49. List the prime factors of s(-9).
2, 11
Suppose -o - 16 = 4*w + 4*o, 3*o = 4*w + 48. Let r = 1 - w. List the prime factors of r.
2, 5
Let g be 1382/10 - 1/5. Let u = g - 98. List the prime factors of u.
2, 5
Suppose 2*q = 2*n + 6, -n - 5 = -q - q. Let g be n*4*(-324)/16. Suppose 5*o - 3*b - b - g = 0, -5*b + 90 = 5*o. What are the prime factors of o?
17
Let r = 95 + 61. List the prime factors of r.
2, 3, 13
Suppose 2 = -3*k - 7. What are the prime factors of k + 2 - 10*-1?
3
Suppose 23*m + 8 = 25*m. What are the prime factors of (3 + -2)/(m/92)?
23
Let z(y) = -y**3 - 8*y**2 - 2*y + 2. Let j be z(-8). Let f = -8 + j. List the prime factors of -2*(-3)/6 + f.
11
Let b(z) be the second derivative of -z**5/20 + z**4/2 + z**2 + z. Let y be b(6). Suppose 2*j - 20 = 4*f, y*f = 7*f + 20. List the prime factors of j.
2
What are the prime factors of 5 - (3 - 0) - -18?
2, 5
Suppose q = -3*q. Let g(z) = z. Let m be g(q). List the prime factors of 13 + (-1 - 2) - m.
2, 5
Let v be (-7)/(7/(-4)) + -2. Suppose -v*i + 19 = -l + 2*l, 3*l - 93 = 3*i. What are the prime factors of l?
3
Suppose 20 = 5*w - 4*g + g, -5*w = 3*g - 50. Suppose -w*s + 2*s + 58 = -4*h, -s + 17 = h. What are the prime factors of s?
2, 7
Let r = 35 + -31. What are the prime factors of r?
2
Let v be 4/((-6)/(-3 - 0)). What are the prime factors of -1 + v + (-3 - -11)?
3
Let r be (-10)/(-14) - (-6)/21. Suppose 0 = 3*v - 2*v - r. Suppose 4 = d + v. List the prime factors of d.
3
Let j = 6 - 9. Let n be -2*-10*2/(-8). Let s = j - n. What are the prime factors of s?
2
Let f(m) = 11*m - m - 4*m - 5. What are the prime factors of f(7)?
37
Let r(k) be the first derivative of k**4/4 - 8*k**3/3 - k**2/2 + 6*k + 1. Let o be r(8). Let s = o + 4. What are the prime factors of s?
2
Let d be (-25)/(18/21 - 1). Let z = d - 122. Suppose i - z = -i - 5*j, -5*i + 83 = -4*j. List the prime factors of i.
19
Suppose -4*f = -f. Suppose 0 = i - f*i - 3. Suppose -i*d = -11 + 2. What are the prime factors of d?
3
Let a(j) = -j**2 + 6*j + 7. Let m be a(6). Let w be m + (-2 - -4 - 2). Let x = w + -5. What are the prime factors of x?
2
Let l(z) = -z**3 + 10*z**2 + 13*z - 14. What are the prime factors of l(11)?
2
Let d(k) = 4*k - 9. Let m(q) = -3*q - 5. Let z be m(-4). What are the prime factors of d(z)?
19
Suppose 0 = 5*a - 291 - 309. Suppose 2*w = 6*w - a. What are the prime factors of w?
2, 3, 5
Let t(h) = -h**3 + 4*h**2 + 1. Let a be t(4). Let z(b) = -2*b + a + 2*b**3 - 3 + 1. List the prime factors of z(2).
11
Let q(y) be the third derivative of y**6/120 + y**5/10 + y**4/8 - 5*y**3/6 - y**2. Let k be q(-4). Let m = -11 + k. What are the prime factors of m?
2
Let h be (-110)/(-6) - 20/(-30). Suppose -5*p + h = -36. What are the prime factors of p?
11
List the prime factors of (-6)/(-6 + 4) + (58 - -1).
2, 31
Let c(p) = 31*p**2 - 2*p + 10. List the prime factors of c(3).
283
Suppose -4*y + 20 = 0, 5*o - 2*y = -y + 115. What are the prime factors of ((-5)/(5/o))/(-1)?
2, 3
Suppose 4 = -3*q - q. Let h be 35 + (q + 3)/2. Suppose 4*p - h = -4*c, -2*c - 3 + 12 = 5*p. What are the prime factors of c?
2, 3
Let f(o) = o + 8. Let l be f(5). Suppose 0 = 2*p + 8, 5*p + l = -5*w + 28. What are the prime factors of w?
7
Let y(u) = u**3 + 7*u**2 + 2*u - 2. Let l = 2 - 8. What are the prime factors of y(l)?
2, 11
Let x = -7 - -9. Suppose x*v = 16 + 12. What are the prime factors of v?
2, 7
Suppose 0 = -0*m - 5*m + 265. Let j = m - 15. List the prime factors of j.
2, 19
Suppose -56 = c - 2*c - 2*s, 0 = 5*c - 4*s - 308. List the prime factors of c.
2, 3, 5
Let a be -23*(3 + -3 - 1). Let v = a - 16. What are the prime factors of v?
7
Suppose 0 = 3*o - 4*o. Suppose -32 = -4*k - o*k. Suppose -k = -n + 3. List the prime factors of n.
11
Suppose 0 = -4*p + 3*p + 2*f + 126, 0 = -f + 5. What are the prime factors of p?
2, 17
Let d(g) = -10*g**3 - 9*g**2 + 5*g - 2. Let i(a) = 19*a**3 + 17*a**2 - 9*a + 4. Let t(r) = -11*d(r) - 6*i(r). List the prime factors of t(-2).
2, 5
Let j(d) = -d + 3. Let x be j(0). Suppose -22 = -x*v + 5. What are the prime factors of v?
3
Suppose -2*b = q - 377, -3*q - 389 = -2*b - 8*q. List the prime factors of b.
11, 17
Let m = -166 + 272. What are the prime factors of m?
2, 53
Suppose 0 = -3*w + p - 4*p, w - 4*p = 20. What are the prime factors of (9/w)/((-1)/(-4))?
3
Let h = -4 + 8. Let k(l) = -l**2 + 9*l. Let f be k(h). Let v = -9 + f. List the prime factors of v.
11
Suppose 0 = h - j, 0 = 2*h - 5*h - 3*j + 24. Let k(a) = -2 + 2 - a - 3*a - h. List the prime factors of k(-3).
2
Let i = -309 + 438. List the prime factors of 1/(-3 - i/(-42)).
2, 7
Suppose -4*s - k = k - 182, -4*s + 164 = -4*k. Suppose -2*p + f - s = -7*p, 2*f = -p + 16. Suppose -p = -8*w + 4*w. What are the prime factors of w?
2
Let y(f) = 7*f - 1 - 2*f**3 + 7*f - 13*f. List the prime factors of y(-2).
13
What are the prime factors of -57*(0 - (-1)/(-3))?
19
Let y(o) = -o**3 + 6*o**2 + 8*o - 5. Let x be y(7). What are the prime factors of -6*((x - 2) + -1)?
2, 3
Suppose 70 = -5*x + 4*o, -3*o = -3 - 12. List the prime factors of (-372)/x + 14/(-70).
37
Let i = -5 + 33. Suppose -1 = -3*d + 2*g + i, 1 = -d - 2*g. What are the prime factors of d?
7
Let p(f) = f**3 + 9*f**2 - 15*f + 18. Let d(s) = -s**2 - s. Let x(v) = -3*d(v) + p(v). What are the prime factors of x(-13)?
5
Let c(o) = -o**3 + 9*o**2 + 13*o - 10. List the prime factors of c(10).
2, 5
Suppose 0 = -c + k, -k + 1 = -1. Suppose 4*w - 11 = -5*b + 1, -4*b + 12 = c*w. What are the prime factors of b?
2
Suppose b = 2 - 0. Suppose -y - 2*y = h - 4, -4 = b*y. List the prime factors of h.
2, 5
Let x be (8/(-20))/(2/10). Let s = 1 + x. Let z = s + 5. What are the prime factors of z?
2
Suppose 2*z = -2*b + 10, -z - 2*b + 10 = -3*z. Let o = 16 + z. Suppose -4*r + o = -2*r. What are the prime factors of r?
2
Let i be (-3 - -10)*8/14. Let j = 26 - 11. Let r = j - i. What are the prime factors of r?
11
Suppose 5*l - 4 = 4*l. Suppose -4*r + l*j = 44, -3*r - 4*j + 3*j = 13. Let b = 9 + r. List the prime factors of b.
3
List the prime factors of (-134)/((-6)/(-9)*-3).
67
Suppose -m + 0*r = -2*r - 2, -2*r = -5*m + 2. Suppose 20 = 4*z + 4*k, -5*z + 4*z - 4*k + 5 = 0. Suppose m = b - z*b + 56. What are the prime factors of b?
2, 7
Suppose -1641 = -4*y + 5*p, -2*y + 3*y = -3*p + 406. List the prime factors of y.
409
Let d(a) = 5*a**2 + 2*a - 2*a**2 + 2*a**2. List the prime factors of d(-2).
2
Let z be (-6)/4*(-16)/6. Suppose 0 = 5*a + z*s - 25, 3*s + 5 = a - 2*s. Suppose a*q - 15 - 15 = 0. What are the prime factors of q?
2, 3
Let x(y) = -4*y - 3. Let o be x(-6). Suppose -4*m = -o - 71.